s of 2668.
2, 23, 29
List the prime factors of 1542.
2, 3, 257
List the prime factors of 1156.
2, 17
What are the prime factors of 9910?
2, 5, 991
What are the prime factors of 26922?
2, 3, 7, 641
List the prime factors of 915.
3, 5, 61
What are the prime factors of 795?
3, 5, 53
What are the prime factors of 75408?
2, 3, 1571
What are the prime factors of 25760?
2, 5, 7, 23
What are the prime factors of 14014?
2, 7, 11, 13
What are the prime factors of 6716?
2, 23, 73
List the prime factors of 6550.
2, 5, 131
List the prime factors of 5359.
23, 233
List the prime factors of 870.
2, 3, 5, 29
What are the prime factors of 7614?
2, 3, 47
What are the prime factors of 6214?
2, 13, 239
List the prime factors of 29906.
2, 19, 787
List the prime factors of 2050.
2, 5, 41
What are the prime factors of 2355?
3, 5, 157
List the prime factors of 1504.
2, 47
What are the prime factors of 2905?
5, 7, 83
List the prime factors of 3426.
2, 3, 571
List the prime factors of 1740.
2, 3, 5, 29
List the prime factors of 1194.
2, 3, 199
List the prime factors of 33272.
2, 4159
List the prime factors of 8150.
2, 5, 163
What are the prime factors of 19910?
2, 5, 11, 181
What are the prime factors of 211?
211
What are the prime factors of 1173?
3, 17, 23
List the prime factors of 5762.
2, 43, 67
List the prime factors of 29424.
2, 3, 613
List the prime factors of 4258.
2, 2129
List the prime factors of 39835.
5, 31, 257
List the prime factors of 33383.
7, 19, 251
What are the prime factors of 48852?
2, 3, 23, 59
List the prime factors of 10767.
3, 37, 97
What are the prime factors of 3844?
2, 31
List the prime factors of 42285.
3, 5, 2819
What are the prime factors of 10203?
3, 19, 179
List the prime factors of 192.
2, 3
What are the prime factors of 38151?
3, 157
List the prime factors of 339.
3, 113
What are the prime factors of 23154?
2, 3, 17, 227
List the prime factors of 10982.
2, 17, 19
What are the prime factors of 65504?
2, 23, 89
What are the prime factors of 991?
991
What are the prime factors of 20807?
20807
List the prime factors of 2828.
2, 7, 101
List the prime factors of 3679.
13, 283
What are the prime factors of 5102?
2, 2551
What are the prime factors of 3611?
23, 157
List the prime factors of 350.
2, 5, 7
List the prime factors of 7656.
2, 3, 11, 29
List the prime factors of 487.
487
What are the prime factors of 7929?
3, 881
What are the prime factors of 52774?
2, 26387
What are the prime factors of 22321?
13, 17, 101
What are the prime factors of 199?
199
What are the prime factors of 7289?
37, 197
List the prime factors of 1758.
2, 3, 293
List the prime factors of 1560.
2, 3, 5, 13
List the prime factors of 18170.
2, 5, 23, 79
What are the prime factors of 149061?
3, 11, 4517
What are the prime factors of 41459?
11, 3769
List the prime factors of 30085.
5, 11, 547
What are the prime factors of 5010?
2, 3, 5, 167
List the prime factors of 4169.
11, 379
What are the prime factors of 422?
2, 211
What are the prime factors of 1333?
31, 43
What are the prime factors of 105245?
5, 7, 31, 97
List the prime factors of 4909.
4909
List the prime factors of 68392.
2, 83, 103
List the prime factors of 24059.
7, 491
List the prime factors of 2759.
31, 89
List the prime factors of 4362.
2, 3, 727
List the prime factors of 2194.
2, 1097
List the prime factors of 170496.
2, 3, 37
What are the prime factors of 112946?
2, 56473
What are the prime factors of 15218?
2, 7, 1087
List the prime factors of 272.
2, 17
List the prime factors of 391.
17, 23
List the prime factors of 16118.
2, 8059
List the prime factors of 44055.
3, 5, 11, 89
List the prime factors of 5580.
2, 3, 5, 31
What are the prime factors of 2439?
3, 271
List the prime factors of 6380.
2, 5, 11, 29
What are the prime factors of 7768?
2, 971
List the prime factors of 15617.
7, 23, 97
What are the prime factors of 467?
467
What are the prime factors of 9?
3
What are the prime factors of 4452?
2, 3, 7, 53
List the prime factors of 10450.
2, 5, 11, 19
List the prime factors of 798.
2, 3, 7, 19
What are the prime factors of 4246?
2, 11, 193
List the prime factors of 1936.
2, 11
List the prime factors of 4106.
2, 2053
List the prime factors of 42629.
47, 907
List the prime factors of 15754.
2, 7877
List the prime factors of 4298.
2, 7, 307
List the prime factors of 8311.
8311
What are the prime factors of 4370?
2, 5, 19, 23
What are the prime factors of 3754?
2, 1877
What are the prime factors of 67638?
2, 3, 11273
List the prime factors of 12400.
2, 5, 31
What are the prime factors of 1105?
5, 13, 17
What are the prime factors of 76952?
2, 9619
List the prime factors of 2351.
2351
List the prime factors of 13255.
5, 11, 241
What are the prime factors of 550?
2, 5, 11
What are the prime factors of 145479?
3, 71, 683
List the prime factors of 61323.
3, 20441
What are the prime factors of 2691?
3, 13, 23
List the prime factors of 592.
2, 37
What are the prime factors of 87218?
2, 43609
What are the prime factors of 30352?
2, 7, 271
List the prime factors of 39985.
5, 11, 727
What are the prime factors of 1115?
5, 223
What are the prime factors of 33066?
2, 3, 11, 167
List the prime factors of 6783.
3, 7, 17, 19
What are the prime factors of 42285?
3, 5, 2819
What are the prime factors of 21575?
5, 863
List the prime factors of 79817.
79817
List the prime factors of 2438.
2, 23, 53
What are the prime factors of 6738?
2, 3, 1123
What are the prime factors of 16174?
2, 8087
What are the prime factors of 17152?
2, 67
What are the prime factors of 13938?
2, 3, 23, 101
List the prime factors of 111.
3, 37
List the prime factors of 14331.
3, 17, 281
What are the prime factors of 292?
2, 73
What are the prime factors of 3290?
2, 5, 7, 47
List the prime factors of 16239.
3, 5413
List the prime factors of 1676.
2, 419
List the prime factors of 39473.
7, 5639
What are the prime factors of 609?
3, 7, 29
List the prime factors of 33072.
2, 3, 13, 53
List the prime factors of 3798.
2, 3, 211
List the prime factors of 1526.
2, 7, 109
What are the prime factors of 201?
3, 67
List the prime factors of 154.
2, 7, 11
List the prime factors of 1798.
2, 29, 31
What are the prime factors of 11257?
11257
What are the prime factors of 4371?
3, 31, 47
What are the prime factors of 7908?
2, 3, 659
List the prime factors of 626.
2, 313
What are the prime factors of 1516?
2, 379
List the prime factors of 3420.
2, 3, 5, 19
List the prime factors of 22307.
22307
List the prime factors of 2368.
2, 37
List the prime factors of 2924.
2, 17, 43
List the prime factors of 2667.
3, 7, 127
What are the prime factors of 3133?
13, 241
List the prime factors of 1146.
2, 3, 191
What are the prime factors of 51885?
3, 5, 1153
List the prime factors of 2322.
2, 3, 43
What are the prime factors of 832?
2, 13
List the prime factors of 23027.
23027
List the prime factors of 2860.
2, 5, 11, 13
List the prime factors of 15055.
5, 3011
What are the prime factors of 1095?
3, 5, 73
What are the prime factors of 79152?
2, 3, 17, 97
List the prime factors of 3582.
2, 3, 199
What are the prime factors of 2848?
2, 89
What are the prime factors of 13020?
2, 3, 5, 7, 31
What are the prime factors of 6346?
2, 19, 167
List the prime factors of 340.
2, 5, 17
List the prime factors of 61.
61
List the prime factors of 112384.
2, 439
What are the prime factors of 1769?
29, 61
What are the prime factors of 18446?
2, 23, 401
List the prime factors of 4986.
2, 3, 277
What are the prime factors of 1631?
7, 233
List the prime factors of 9965.
5, 1993
What are the prime factors of 28110?
2, 3, 5, 937
What are the prime factors of 2786?
2, 7, 199
List the prime factors of 277.
277
List the prime factors of 143.
11, 13
What are the prime factors of 11988?
2, 3, 37
List the prime factors of 10029.
3, 3343
List the prime factors of 79492.
2, 7, 17, 167
What are the prime factors of 762?
2, 3, 127
List the prime factors of 10323.
3, 31, 37
What are the prime factors of 1157?
13, 89
What are the prime factors of 11137?
7, 37, 43
List the prime factors of 411.
3, 137
List the prime factors of 7647.
3, 2549
List the prime factors of 9700.
2, 5, 97
List the prime factors of 8809.
23, 383
List the prime factors of 27367.
27367
List the prime factors of 1585.
5, 317
What are the